{"id":134,"date":"2022-01-04T21:21:42","date_gmt":"2022-01-04T20:21:42","guid":{"rendered":"http:\/\/blondynkawchmurze.pl\/?page_id=134"},"modified":"2025-11-18T20:09:00","modified_gmt":"2025-11-18T19:09:00","slug":"o-mnie","status":"publish","type":"page","link":"https:\/\/blondynkawchmurze.pl\/index.php\/o-mnie\/","title":{"rendered":"O mnie"},"content":{"rendered":"\n\n\n\n\n\n<p style=\"text-align: justify;\">Nazywam si\u0119 Marta. Moja przygoda z bezpiecze\u0144stwem informacji zacz\u0119\u0142a si\u0119 od wolontariatu, podczas kt\u00f3rego uczy\u0142am warszawskich senior\u00f3w korzystania z komputera. To by\u0142a niesamowita przygoda! Ju\u017c od ponad 10 lat jestem edukatorem cyfrowym.<\/p>\n<p style=\"text-align: justify;\">Dwa lata p\u00f3\u017aniej, w 2016 r., moja droga zawodowa zwi\u0105za\u0142a si\u0119 z bezpiecze\u0144stwem informacji. Najpierw zajmowa\u0142am si\u0119 wy\u0142\u0105cznie ochron\u0105 informacji niejawnych, a troch\u0119 p\u00f3\u017aniej r\u00f3wnie\u017c i ochron\u0105 danych osobowych.<\/p>\n<p style=\"text-align: justify;\">Prze\u0142omowym momentem w mojej karierze by\u0142 okres pandemii&nbsp; Covid-19. To wtedy intensywnie zacz\u0119\u0142am rozwija\u0107 swoje kompetencje cyfrowe i skupi\u0142am si\u0119 na bezpiecze\u0144stwie informacji.<\/p>\nWtedy te\u017c narodzi\u0142 si\u0119 pomys\u0142 bloga, a raczej portalu z narz\u0119dziami dla nie-technicznych bezpiecznik\u00f3w.\n\n\n\n\n\n<p><span style=\"text-align: justify;\">Wtedy te\u017c zosta\u0142am przeniesiona z Zespo\u0142u Ochrony Informacji ULC do Departamentu Ochrony w Lotnictwie Cywilnym ULC, gdzie zajmowa\u0142am si\u0119 cyberbezpiecze\u0144stwem podmiot\u00f3w prowadz\u0105cych lotnicz\u0105 dzia\u0142alno\u015b\u0107 gospodarcz\u0105, w tym Part-IS.<\/span><\/p>\n<p>Po 9 latach zdecydowa\u0142am si\u0119 odej\u015b\u0107 z administracji publicznej i wr\u00f3ci\u0107 do sektora prywatnego. Obecnie pracuj\u0119 w WELCOME Airport Services. Jest to jeden z najwi\u0119kszych agent\u00f3w obs\u0142ugi naziemnej w Polsce.<\/p>\n<p>Do moich g\u0142\u00f3wnych obowi\u0105zk\u00f3w ponownie nale\u017c\u0105 sprawy zwi\u0105zane z ochron\u0105 danych osobowych. Tyle \u017ce dzisiaj, mam wi\u0119ksz\u0105 wiedz\u0119 i do\u015bwiadczenie w kwestiach bezpiecze\u0144stwa informacji oraz rozumiem lotnictwo cywilne.<\/p>\n<h2 style=\"color: rgb(255, 153, 0);\">Moja edukacja<\/h2>\n\n\n\n\n\nStudia podyplomowe na kierunku Ochrona Danych Osobowych i Zarz\u0105dzanie Bezpiecze\u0144stwem Informacji na Uczelni \u0141azarskiego (2025 r.)\nStudia magisterskie na kierunku Prawo w Biznesie na Uczelni \u0141azarskiego (uko\u0144czy\u0142am w 2020 r.)\nStudia podyplomowe&nbsp; w kierunku Zarz\u0105dzanie Kryzysowe na Akademii Obrony Narodowej (uko\u0144czy\u0142am w 2011 r.)\nStudia magisterskie na kierunku Bezpiecze\u0144stwo Narodowe specjalno\u015b\u0107 Zarz\u0105dzanie Kryzysowe na Akademii Obrony Narodowej (uko\u0144czy\u0142am w 2011 r.)\nStudia licencjackie na kierunku Bezpiecze\u0144stwo Narodowe na Akademii Obrony Narodowej (uko\u0144czy\u0142am w 2009 r.)\n\n\n\n\n\n\n<h2 style=\"color: rgb(255, 153, 0);\">Moje certyfikaty<\/h2>\n\n\n\n\n\nInstruktor Europejskiej Konferencji Lotnictwa Cywilnego\/ ECAC w obszarze cyberbezpiecze\u0144stwa lotnictwa cywilnego (2023 &#8211; 2025)\nAudytor krajowy kontroli jako\u015bci w zakresie ochrony lotnictwa cywilnego (2023 &#8211; 2025)\nCertyfikowany audytor wiod\u0105cy ISO 27001 (2023 r.) &#8211; TUV NORD\nCompTIA ITF+ (2022 r.)\nAudytor wewn\u0119trzny systemu zarz\u0105dzania bezpiecze\u0144stwem informacji wed\u0142ug normy EN ISO\/IEC 27001:2017 (2019 r.) &#8211; BSI Training Academy\nAudytor wewn\u0119trzny systemu zarz\u0105dzania jako\u015bci\u0105 zgodnie z norm\u0105 ISO 9001:2015 w oparciu o ISO 19011:2018 (2019 r.) &#8211; Dekra\n\n\n\n\n\n\n<h2 style=\"color: rgb(255, 153, 0);\">Praca w grupach mi\u0119dzynarodowych<\/h2>\n\n\n\n\n\nGrupa Ekspert\u00f3w ICAO ds. Cyberbezpiecze\u0144stwa Lotnictwa Cywilnego\/ICAO Cyber Panel (obserwator w latach 2022 &#8211; 2025)\nGrupa Robocza dot. Part-IS\/ EASA Part-IS Task Force (2022 &#8211; 2025)\nSie\u0107 Analityk\u00f3w Cyberbezpiecze\u0144stwa\/ EASA Network of Cybersecirity Analysts (2021 &#8211; 2025)\nGrupa Studyjna ECAC ds. cyberbezpiecze\u0144stwa lotnictwa cywilnego\/ ECAC Study Group on Cyber Security in Civil Aviation (2021 &#8211; 2025)\n\n\n\n\n\n<h2 style=\"color: rgb(255, 153, 0);\">Moje szkolenia<\/h2>\n\nSzkolenie &#8220;Dost\u0119pno\u015b\u0107 cyfrowa&#8221; zorganizowane przez Fundacj\u0119 Rozwoju Demokracji Lokalnej Centrum Mazowsze (2024 r.)\n&#8220;Intermediate Cybersecurity for Industrial Control Systems (202) Hands-On Training&#8221; zorganizowane przez U.S. Department of Homeland Security Cybersecurity and Infrastructure Security Agency\/ CISA, realizowane przez ekspert\u00f3w z Idaho National Labratory\/ INL (2024 r.)\n&#8220;Intermediate Cybersecurity for Industrial Control Systems (201) Training&#8221; zorganizowane przez U.S. Department of Homeland Security Cybersecurity and Infrastructure Security Agency\/ CISA, prowadzone przez ekspert\u00f3w z Idaho National Laboratory\/INL (2024 r.)\n&#8220;Introduction to Control Systems Cybersecurity (101) Training&#8221; zorganizowane przez U.S. Department of Homeland Security Cybersecurity and Infrastructure Security Agency\/ CISA, prowadzone przez ekspert\u00f3w z Idaho National Laboratory\/INL (2024 r.)\n&#8220;Airport Cybersecurity Training&#8221; zorganizowane przez U.S. Department of Homeland Security Transportation Security Administration\/ TSA, prowadzone przez ekspert\u00f3w z Idaho National Laboratory\/INL (2024 r.)\nKurs e-learningowy &#8220;Zapobieganie zagro\u017ceniom z obszaru cyberbezpiecze\u0144stwa &#8211; podstawowe zasady pracy w urz\u0119dzie&#8221; dost\u0119pne na platformie e-learningowej Kancelarii Prezesa Rady Ministr\u00f3w (2023 r.)\nSzkolenie &#8220;Cyberzagro\u017cenia &#8211; b\u0105d\u017a na bie\u017c\u0105co&#8221; przeprowadzone przez ekspert\u00f3w z Naukowej i Akademickiej Sieci Komputerowej Pa\u0144stwowego Instytutu Badawczego\/ NASK (2023 r.)\nSzkolenie audytor\u00f3w krajowych kontroli jako\u015bci w zakresie ochrony lotnictwa cywilnego zorganizowane i przeprowadzone przez ekspert\u00f3w z Urz\u0119du Lotnictwa Cywilnego (2023 r.)\nKurs e-learningowy &#8220;Wyszukiwanie informacji&#8221; dost\u0119pne na platformie e-learningowej Kancelarii Prezesa Rady Ministr\u00f3w (2023 r.)\nSzkolenie &#8220;Podstawowe zasady cyberhigieny w pracy i \u017cyciu prywatnym&#8221;  przeprowadzone przez ekspert\u00f3w z Naukowej i Akademickiej Sieci Komputerowej Pa\u0144stwowego Instytutu Badawczego\/ NASK (2023 r.)\n&#8220;Aviation Cyber Security&#8221; przeprowadzone przez Joint Aviation Authorities &#8211; Training Organisation\/ JAA TO (2023 r.)\nKurs e-learningowy &#8220;Etyka &#8211; szkolenie dla os\u00f3b niezajmuj\u0105cych wy\u017cszych stanowisk w s\u0142u\u017cbie cywilnej (2022 r.)\n&#8220;Basic Aviation Security Training&#8221; przeprowadzone przez Europejsk\u0105 Konferencj\u0119 Lotnictwa Cywilnego\/ ECAC (2022 r.)\nKurs &#8220;Excel podstawowy&#8221; prowadzony przez HANAKOM (2021 r.)\nSzkolenie &#8220;Ochrona danych osobowych  w mediach spo\u0142eczno\u015bciowych &#8211; najcz\u0119stsze b\u0142\u0119dy, nadinterpretacje, zb\u0119dne dokumenty i procedury&#8221; zorganizowane przez Centrum Szkoleniowe ABI EXPERT (2021 r.)\nSzkolenie &#8220;Audyt zgodno\u015bci z RODO&#8221; zorganizowane przez Centrum Szkoleniowe ABI EXPERT (2020 r.)\nSzkolenie centralne &#8220;Przygotowanie do wdro\u017cenia og\u00f3lnego rozporz\u0105dzenia o ochronie danych osobowych (RODO)&#8221; zrealizowane w ramach &#8220;Planu szkole\u0144 centralnych w s\u0142u\u017cbie cywilnego na 2018 r.&#8221; przez Kancelari\u0119 Prezesa Rady Ministr\u00f3w (2018 r.)\nSzkolenie &#8220;Nowe prawo ochrony danych osobowych&#8221; zorganizowane przez ApexNet (2018  r.)\n&#8220;Warsztaty z przeprowadzenia procesu szacowania ryzyka i oceny skutk\u00f3w przetwarzania zgodnie z RODO&#8221; zorganizowane przez ODO24 (2018 r.)\nSzkolenie &#8220;Podstawy legislacji dla nieprawnik\u00f3w&#8221; zrealizowane w Urz\u0119dzie Lotnictwa Cywilnego (2017 r.)\nSzkolenie &#8220;Ochrona danych osobowych&#8221; zorganizowane przez Fundacj\u0119 Rozwoju Demokracji Lokalnej Centrum Mazowsze (2017 r.)\nSzkolenie &#8220;Nowe europejskie prawo ochrony danych osobowych&#8221; zorganizowane przez Centrum Promocji Informatyki\/ CPI (2016 r.)\n\n\n\n","protected":false},"excerpt":{"rendered":"","protected":false},"author":1,"featured_media":0,"parent":0,"menu_order":0,"comment_status":"closed","ping_status":"closed","template":"","meta":{"pagelayer_contact_templates":[],"_pagelayer_content":"","footnotes":""},"class_list":["post-134","page","type-page","status-publish","hentry"],"jetpack_sharing_enabled":true,"_links":{"self":[{"href":"https:\/\/blondynkawchmurze.pl\/index.php\/wp-json\/wp\/v2\/pages\/134","targetHints":{"allow":["GET"]}}],"collection":[{"href":"https:\/\/blondynkawchmurze.pl\/index.php\/wp-json\/wp\/v2\/pages"}],"about":[{"href":"https:\/\/blondynkawchmurze.pl\/index.php\/wp-json\/wp\/v2\/types\/page"}],"author":[{"embeddable":true,"href":"https:\/\/blondynkawchmurze.pl\/index.php\/wp-json\/wp\/v2\/users\/1"}],"replies":[{"embeddable":true,"href":"https:\/\/blondynkawchmurze.pl\/index.php\/wp-json\/wp\/v2\/comments?post=134"}],"version-history":[{"count":51,"href":"https:\/\/blondynkawchmurze.pl\/index.php\/wp-json\/wp\/v2\/pages\/134\/revisions"}],"predecessor-version":[{"id":861,"href":"https:\/\/blondynkawchmurze.pl\/index.php\/wp-json\/wp\/v2\/pages\/134\/revisions\/861"}],"wp:attachment":[{"href":"https:\/\/blondynkawchmurze.pl\/index.php\/wp-json\/wp\/v2\/media?parent=134"}],"curies":[{"name":"wp","href":"https:\/\/api.w.org\/{rel}","templated":true}]}}